of 2100 and u.
42
Let o(v) = v**3 - 2*v**2 - 2*v + 2. Let y be o(2). Let n be ((-4)/y - 3)*-1. Let f = 16 + -8. Calculate the highest common factor of f and n.
1
Let q(r) = -r**3 - 6*r**2 + 5*r - 10. Let m be q(-7). Suppose -5*v - 144 = -m*k - v, -180 = -5*k - 3*v. Calculate the greatest common divisor of 396 and k.
36
Suppose 10 = -b - 5*r, 2*b + 5*r = -1 + 16. Suppose 3*j - 12 = 3*d, 0*j - 4*j + 2*d + 18 = 0. Calculate the greatest common divisor of b and j.
5
Let z be 13/(-39) - (-88)/3. Let c = -18 + z. Suppose m - q = 5*m - c, 5*m - 16 = q. What is the highest common divisor of 27 and m?
3
Let u(g) = g**2 + 6*g - 12. Let q be (-3 - -11)/2 - 4. Suppose -13*k + 14*k - 6 = q. Let r be u(k). Calculate the highest common divisor of 12 and r.
12
Let a(g) = g + 2. Let o be a(-5). Let d be (19 - 55)/(2/o). What is the highest common factor of d and 135?
27
Suppose 2*o = 5*q - 0*o - 22, 5*o - 8 = 2*q. Suppose 20 = -5*l, 0*l - 8 = b + 2*l. Suppose -q*s + s + 65 = b. What is the greatest common factor of 91 and s?
13
Let b(y) = 8*y + 5*y**2 + 2*y**2 - 6*y**2 + 12 + 1. Let u be b(-7). What is the greatest common factor of 8 and u?
2
Let f(y) = 2*y - 4. Let d be f(2). Let p be (17 - -199) + d/(-1). Calculate the greatest common factor of 24 and p.
24
Suppose -q = -3*q + 4*m - 14, -4*m + 35 = 5*q. Let g be 3 + ((-111)/3 - -1). Let z be 33/g + (3 - (0 - 0)). What is the greatest common factor of q and z?
1
Suppose 0 = -3*d + 6 + 48. Let a(z) = -46*z + 512. Let j be a(11). What is the highest common divisor of d and j?
6
Let p = 708 + -678. Calculate the greatest common divisor of 170 and p.
10
Let g be 10/15 + 11472/72. Suppose 2*c - 70 = 22. Let l = c - 26. What is the greatest common divisor of g and l?
20
Let t be 4/(-6) - 13244/(-66). Suppose 2*w - 6*r = -r + 122, -3*w - r + t = 0. Calculate the highest common divisor of w and 11.
11
Let i(q) = -q**3 + 11*q**2 - 18*q - 12. Let g be i(9). Let n be (g/5)/(3/(-20)). Calculate the highest common factor of 64 and n.
16
Suppose -64 = -5*k + 16. Let u be -4 - (-1*k + 2). Calculate the highest common divisor of 70 and u.
10
Let a = -603 - -876. Calculate the greatest common factor of 117 and a.
39
Let s(g) = 3*g**3 - 8*g**2 + 43. Let q be s(7). Calculate the greatest common divisor of q and 40.
40
Suppose -3*a + 11 = 3*j - 1, -2*j + 3*a = 12. Suppose j*q = -3*q + 324. Calculate the highest common divisor of 27 and q.
27
Let n(t) = 2*t - 6*t**2 + 9*t**2 + 15 - 2 - 3. Let d be n(4). Calculate the highest common divisor of d and 165.
33
Suppose -5*h + 4*j = 7*j - 1180, 2*h - 472 = 4*j. Calculate the highest common divisor of 20 and h.
4
Let t(g) = g**2 - 6*g - 4. Let p be t(6). Let s(k) = -4*k**2 - 4*k - k**3 + 729 + k**2 - 731. Let m be s(p). What is the greatest common factor of m and 6?
6
Suppose -4*z + 418 - 1250 = 0. Let b = 376 + z. What is the greatest common factor of b and 21?
21
Let j be (-80)/(-32)*4/(-5) - -1241. What is the highest common factor of 21 and j?
21
Suppose 11*j = j + 290. Let u be (-2904)/(-50) - (-88)/(-1100). Calculate the greatest common divisor of j and u.
29
Suppose 0 = 2*j - 4*c - 72, -18*c + 90 = 3*j - 15*c. What is the greatest common factor of 28 and j?
4
Suppose -4*g + 100 = 12. Suppose 0 = g*p - 23*p + 50. What is the greatest common divisor of p and 10?
10
Let l(k) = k**2 - 2*k - 1. Let c be l(5). Suppose 0 = m + m + c. Let z be (-39 - m)*5/(-4). What is the highest common factor of z and 10?
10
Let k = -227 + 472. Calculate the highest common factor of k and 35.
35
Let d(c) = c**3 + 6*c**2 - 5*c - 6. Let y be d(-5). Let g = 953 - 557. What is the greatest common factor of g and y?
44
Suppose 0 = 8*v + 4 - 76. Let s be 6/27 - (-4)/(-18). Let f = s + 9. Calculate the greatest common divisor of f and v.
9
Let n = -1289 + 1445. Calculate the highest common divisor of n and 91.
13
Let f be (((-3)/(-2))/1)/((-126)/(-672)). Calculate the highest common factor of f and 152.
8
Let l(f) = f**2 - 55. Let o be l(10). Calculate the highest common divisor of o and 15.
15
Let c be ((-1750)/30 + 10)*-6. What is the greatest common factor of c and 10?
10
Let c = -1042 + 1739. Calculate the highest common divisor of c and 82.
41
Suppose -4*m = t - 22, 0*t - 30 = -4*m - 5*t. Suppose 0 = -3*a - m*q + 34, 3*a + 3*q = 32 + 4. Calculate the greatest common factor of a and 104.
13
Suppose -10*a - 155 = -5*a. Let u = 55 + a. Suppose p - 6 = 5*r + 21, -5*r - 15 = 0. What is the greatest common divisor of p and u?
12
Let z(b) = -7*b - 20. Let j(o) = -5*o - 13. Let u(m) = 8*j(m) - 5*z(m). Let n be u(-5). Let p = 47 - 44. What is the highest common factor of p and n?
3
Let f be (10/(-3))/((-30)/(-45)) - -89. What is the highest common factor of 21 and f?
21
Let o be 6/(1/(-5 + 11)). Calculate the highest common divisor of 48 and o.
12
Let d(x) = 79*x**2 + 26*x. Let y be d(2). What is the greatest common factor of 46 and y?
46
Let m = 1036 - 901. Calculate the greatest common divisor of 75 and m.
15
Suppose -3*q + 8*q = -r + 258, 4*q + 4*r - 200 = 0. Suppose -8*b = -q - 36. Calculate the highest common factor of b and 33.
11
Let m(z) = -47*z - 8. Let k be m(-1). What is the highest common factor of 624 and k?
39
Let o be -3*7/(-9)*6. Let y = o - 28. Let a be (-4)/y - (-786)/42. What is the highest common factor of 152 and a?
19
Suppose -4*n + 84 = 20. Let l(t) = -t**3 + 9*t**2 + 3. Let f be l(9). Suppose -f*o - 8 + 80 = 0. What is the highest common factor of o and n?
8
Let y = -392 - 109. Let m be (-6)/15 + y/(-15). What is the greatest common factor of m and 297?
33
Let k(o) = -o**2 - 27*o + 29. Let r be k(-28). What is the highest common factor of 11 and r?
1
Let n(o) = -o**2 + 10*o + 11. Let l(w) = 2*w**2 - 10*w - 10. Let q(b) = 3*l(b) + 4*n(b). Let p be q(-4). What is the greatest common divisor of p and 54?
6
Let s be -10*-3*9/(9/3). Suppose 2*u + s = 7*u. What is the highest common divisor of u and 6?
6
Suppose 156 = -16*h + 19*h. Let z be h/(8 + -4) - 1. Calculate the greatest common factor of z and 18.
6
Let g be (363/55)/(5 - (-148)/(-30)). What is the greatest common factor of g and 220?
11
Let b(j) = -j**3 + 10*j**2 + 8*j - 127. Let v be b(6). Calculate the highest common factor of 104 and v.
13
Let k(u) = 5*u**2 - 17*u - 44. Let q be k(-3). Calculate the greatest common divisor of q and 65.
13
Let j be (-54)/(-14) - (-3)/21. Suppose -2*v - 43 = -2*t - 3*v, j*v = t - 44. Let n = 129 - 81. Calculate the highest common divisor of t and n.
24
Let b = -15 + 33. Let s = 24 + b. What is the greatest common divisor of 56 and s?
14
Suppose 11*n - 5*n - 60 = 0. Calculate the greatest common divisor of n and 35.
5
Suppose 3*p = p - k + 59, p - 3*k = 47. Calculate the greatest common factor of p and 96.
32
Let g = 402 + -375. What is the highest common factor of g and 18?
9
Suppose 0 = -6*l + 13 + 35. Let q be ((-2)/3)/(l/(-156)). What is the greatest common factor of 104 and q?
13
Suppose -3*n + 91 = -b, 0 = 3*n - 4*b + 7*b - 111. What is the greatest common factor of n and 80?
16
Let u be 20 + (-4)/(-1 - 3). Let f = 43 - 22. Calculate the greatest common divisor of u and f.
21
Suppose -12*d + 17*d = 25. Suppose 2*g - 3*p - 12 = 0, -4 + 16 = -3*p. Suppose 5*j + 6 - 106 = g. Calculate the highest common divisor of j and d.
5
Suppose 9*b - 10504 = -3277. Calculate the greatest common divisor of 11 and b.
11
Let l(q) = 35*q**2 - 4*q + 8. Let z be l(2). What is the highest common factor of 70 and z?
70
Let x be (1 - 0)*-2*-10. Let t = 263 - 258. Calculate the greatest common factor of x and t.
5
Let h = 952 + -652. What is the greatest common factor of 60 and h?
60
Let d = 35 - -95. What is the greatest common divisor of d and 156?
26
Suppose 285*j = 286*j - 42. Calculate the highest common divisor of j and 231.
21
Let g = 164 - 59. Let p = g - 45. What is the greatest common divisor of 12 and p?
12
Let o = 25 - -35. Let s(l) = -2*l**3 + 8*l**2 + l + 3. Let c be s(3). Calculate the highest common factor of o and c.
12
Suppose -2*c = -2*f + 195 + 117, 0 = -5*c + 20. What is the highest common factor of 240 and f?
80
Let t(n) = -4*n**3 + 2*n**2 + 11*n + 33. Let a be t(-3). Calculate the greatest common factor of 90 and a.
18
Let q(k) = -85*k - 44. Let p be q(-4). Calculate the highest common divisor 